
4
Let q(u) = -u**3 - 4*u**2 - 4*u - 3. Suppose 0 = 48*f + 28*f + 228. Give q(f).
0
Let z(b) be the third derivative of -b**4/12 + 13*b**2 + b. Give z(-6).
12
Let t(f) = f**2 + 13*f + 6. Let x be t(-14). Let j(m) = -10*m - 2 + x*m - 7*m - 4*m. What is j(-4)?
2
Suppose -3*a + 14 = -a. Let h = a - 9. Let m(y) = 3*y**2 - 2 + y - 5*y - 5*y**2. Determine m(h).
-2
Let m = 12 + -8. Let o(b) be the first derivative of b**4/4 - 7*b**3/3 + 3*b**2 - 6*b + 29. Calculate o(m).
-30
Let h(d) = -2*d**3 - 6*d**2 + d - 8. Let t(n) = -3*n**3 - 9*n**2 + 2*n - 12. Let z(m) = -7*h(m) + 5*t(m). Let s = -11 - -8. Calculate z(s).
-13
Let m be (-3)/3*(-1 - -3). Let p(o) = -5*o**2 - 10*o + 9. Let s(q) = q**2 + q - 2. Let t(k) = -p(k) - 6*s(k). What is t(m)?
-9
Let y(g) be the third derivative of g**6/120 + g**5/5 - 7*g**4/12 - 7*g**3/3 - 16*g**2. Let m be y(-13). Let w(d) = -10*d**2 - d - 1. Give w(m).
-10
Let k(x) = x**3 - x**2 + 2*x + 2. Suppose 3*s - 8 = 3*m + 2*s, 0 = -2*m - 2*s + 8. Give k(m).
-2
Suppose -13 = -5*s - z, 0 = 5*s - 2*s + 5*z - 21. Let u(m) = 4*m**s - m**2 + 2*m - 2*m**2 - 2. Suppose -42*a = -53*a - 33. Determine u(a).
1
Let h(n) = 2*n**3 - n - 2. Let a(x) = -5*x**3 - 3*x**2 + 7*x + 7. Let i(y) = a(y) + 3*h(y). Let c = -1 + 4. Calculate i(c).
13
Let m(z) = -6*z + 82 - 42 - 42 + 2*z. Let n be 1/(6/4 + -1). Determine m(n).
-10
Let i = 2433 + -2439. Let q(v) = v + 17. What is q(i)?
11
Let y be (-22)/231*3 - (-23)/7. Let l(f) = 4*f - 5. Calculate l(y).
7
Let n(f) be the third derivative of -f**5/60 + f**4/12 + 4*f**3/3 - 13*f**2. Let s(c) be the first derivative of n(c). Calculate s(2).
-2
Let i(s) = 3258*s - 1630*s - 6 + s**2 - 1629*s. Give i(6).
24
Let k(n) be the first derivative of 5*n**3/3 + n**2/2 + n + 6. Let b(y) = 5*y**2 + 2*y + 2. Let l be b(-1). Suppose -2 - 3 = l*s. Give k(s).
5
Let t = -2 + 2. Suppose -4*c - 8 = 4*d, -9 - 7 = -d + 5*c. Let m(o) = o + d + 0 - o**3 + 5*o**3 - 3*o**3. What is m(t)?
1
Let v(x) = x**2 + 7*x - 13. Suppose 73 = -12*w - 35. Give v(w).
5
Let v(x) = -x. Let k(w) = -4*w + 1. Let y(z) = k(z) - 5*v(z). Suppose -54*h + 52*h = 5*s + 32, 23 = -4*s + h. Give y(s).
-5
Let g(b) = 3*b**3 + b**2. Let a be (16/3)/(-4)*(-3)/2. Suppose -2*t = t. Suppose t = -3*j + m + 2, 5*j + a*m = j - 14. Determine g(j).
-2
Let j(s) = 20*s**3 - 10*s**2 - 17*s + 13. Let q(h) = 5*h**3 - 2*h**2 - 4*h + 3. Let d(o) = -2*j(o) + 9*q(o). What is d(1)?
6
Let y = -7 + 1. Let n(p) be the first derivative of 5/2*p**2 + 1/3*p**3 + 4*p - 9. Calculate n(y).
10
Let x(p) = p + 3. Let h be x(3). Let w be (-2 + -1)*10/h. Let i(c) = 46*c**2 - 237771 - 8*c + 237765 - 47*c**2. Calculate i(w).
9
Let f(k) = -4*k - 5*k + 1701 - k**2 - 1702. Calculate f(-8).
7
Let g(b) = 4*b + 5. Let p(f) = 7*f + 9. Let k(m) = 5*g(m) - 3*p(m). Determine k(-4).
2
Let g = -15 - -5. Let i = -14 - g. Let x(o) = 19*o + o**3 - 14*o + 5*o**2 - 1 + 2. Determine x(i).
-3
Let r(l) = -4*l + 3. Let d(t) = -8*t + 7. Let x(b) = -6*d(b) + 13*r(b). Determine x(4).
-19
Suppose 0*q = -5*q - 30. Let z(y) be the first derivative of 7/3*y**3 + 7/2*y**2 - 3*y - 6 + 1/4*y**4. Give z(q).
-9
Suppose 376 = -39*a - 14. Let r(g) = -g - 12. Calculate r(a).
-2
Let s(r) = -r**2 - 5*r + 4. Suppose 297 = -3*f + 3*p + 2*p, 5*f = 2*p - 495. Let a = f - -94. Determine s(a).
4
Suppose -p + 5*l + 41 = -2*p, -107 = 4*p + l. Let t be -15*(p/(-10) + -3). Let f = t + -9. Let d(u) = u**3 + u**2 - 3*u - 3. Calculate d(f).
-12
Suppose v + k - 10 = 3*v, 5*k = v - 4. Let o(b) = -b**2. Let l(f) = f**3 + 11*f**2 - 7*f - 7. Let u(x) = -l(x) - 6*o(x). Determine u(v).
1
Let h(s) = s**3 - 6*s**2 + 6. Suppose -4*v = -8*v + 28. Let a = v - 1. What is h(a)?
6
Let z be ((-6)/(-4))/((-17)/136). Let y(s) = -s - 18. Let m be y(z). Let r(i) = -3*i - 9. Give r(m).
9
Let o(i) = -i**3 - 6*i**2 - 4*i. Let y = -4 - -7. Suppose -2*b + 20 = 2*k + 3*k, 15 = 5*b - 5*k. Let l be b/y*-1*3. Determine o(l).
-5
Let a(r) = -r**3 + 11*r**2 - 13*r + 33. Let d be a(10). Let v(x) = 0*x - 7*x + 0*x**3 + 18*x + x**d - 9*x**2 - 2. Determine v(8).
22
Suppose 5*s + 0*b = 4*b + 8, -4*b = 5*s - 32. Suppose -2*j = -6*j - s. Let h(v) = -1 + 3*v**2 - 222*v + 222*v. Determine h(j).
2
Let o be 2/(-4)*(-7 + 21). Let k = o - 0. Let v(h) = -h - 1. Calculate v(k).
6
Let j(p) = -2*p**2 + 2*p - 1. Let x be (10 - 1)/(4 - 5). Let m = 11 + x. What is j(m)?
-5
Suppose -2*j - 3 = -3*j. Let v(q) = -5*q + 59. Let i be v(11). Let x(d) = 5*d - j*d - 8 + i*d - 5*d. Give x(6).
-2
Let f = -99 + 104. Let o(w) = 6*w + w + f - 14 - w**2 + 14. Give o(7).
5
Suppose -4*f + 3 = -1. Let k(m) = -2*m**3. Determine k(f).
-2
Let z(f) = -f**2 + 11*f - 10. Let x be -2*3/6*-9. Determine z(x).
8
Let l(f) = -2*f**3 - 43*f**2 + 24*f + 51. Let h be l(-22). Let u(w) = w**3 - 6*w**2 - 9*w - 3. Calculate u(h).
-17
Let z(l) = 10*l + 21. Let o(i) = 7*i + 14. Let u(f) = 7*o(f) - 5*z(f). Suppose 0 = -4*q - 0*r - 2*r + 24, -q = 3*r - 16. Suppose 25 = -q*x - 3. Determine u(x).
0
Let m(o) = -2*o - 2920 + 2919 + 0*o + 8*o**2. Determine m(-1).
9
Let y = -12 + 39. Suppose 0 = t - i + 7, -4*t = -6*i + 3*i + y. Let x(j) = -3*j + 4. Let k(o) = -8*o + 10. Let u(h) = -4*k(h) + 11*x(h). Calculate u(t).
10
Let s = -7 - -5. Let i(c) = -7*c + 2. Let a(g) = g - 3 + 4*g + 7*g - g. Let w(f) = 5*a(f) + 8*i(f). What is w(s)?
3
Let h(f) = f**2 + 1. Let q(p) = 5*p**2 - 3*p + 5. Let g(j) = 4*h(j) - q(j). Determine g(1).
1
Let o(f) = 14 - 31*f + 106*f**3 - 107*f**3 - 11*f**2 + 9*f + 12*f. Determine o(-10).
14
Let t(w) = -5 + w**2 + 6*w**3 + 14*w**3 - 21*w**3 - 2. Let y = -124 + 124. Determine t(y).
-7
Let p(t) be the third derivative of t**6/120 - 2*t**5/15 + 4*t**3/3 - 109*t**2. Give p(8).
8
Let x be -18 + (0 - -2)/(-2 - 0). Let h(c) = c + 24. Determine h(x).
5
Let b be (-276)/1104 + (-1)/((-8)/42). Let u(q) = -q + q**2 - 4*q + 0*q**2 + 5. Give u(b).
5
Let i(t) = -507*t - 489*t + 995*t. What is i(-13)?
13
Let l(m) be the third derivative of -m**5/30 + 7*m**4/24 - m**3/3 + 2*m**2 + 165*m. Give l(5).
-17
Let a = 8 + -6. Suppose -1 = -a*y - 5. Let b(j) = 3*j**2 + 2*j**2 + j**3 - j**2 + 1. Determine b(y).
9
Let p(u) = -6*u**2 - 13*u - 5. Let x(s) = 10*s**2 + 34*s + 11. Let b(j) = 5*p(j) + 2*x(j). What is b(1)?
-10
Suppose -85 - 8 = -3*z. Suppose 0 = z*k - 33*k - 8. Let h(g) = -g**3 - 5*g**2 - 5*g - 2. What is h(k)?
2
Let h(z) = z**2 - 5*z - 11. Let b(n) = 5*n**2 - 25*n - 56. Let a(r) = -2*b(r) + 11*h(r). Determine a(7).
5
Let z(t) = 25 + 7*t**2 + 9*t - 22 - 5*t**2. Calculate z(-3).
-6
Suppose -h + 0*h + 3 = 0. Let c(o) = -3*o - o - 2*o + 3 + h*o. Suppose 36 + 8 = 11*r. Give c(r).
-9
Let f(x) = 16*x - 8. Let p(z) = -11*z + 5. Let q(w) = 5*f(w) + 7*p(w). Let d be q(5). Suppose -a = d - 3. Let s(r) = r**2 + 7*r + 7. Determine s(a).
7
Let g = 4 + 2. Let y = 1 - 1. Let q(b) = y + 7*b**2 + 0*b**3 - b**3 + 5 - 1 - 8*b. What is q(g)?
-8
Let w(s) = s**2 - 2. Let g be (10 + -15)/(15/6). Determine w(g).
2
Let c be (4 - -2)/((-2)/2). Let a = 2 + c. Let z(p) = 5*p**2 + p + 1. Let w(n) = -18*n**2 - 7*n - 3. Let m(o) = -2*w(o) - 7*z(o). Determine m(a).
-13
Let p(v) = 8*v + 4*v**2 - 7*v - 6*v**3 - 3 + 7*v**3 + 2*v**2 - 2. Suppose -k = k - 4. Suppose 16 = -2*m - k*r, -r = -m - 1 - 3. What is p(m)?
-11
Suppose -6*n - 25 = -n. Let z(x) be the first derivative of x**2/2 + 10*x + 6. Let f be z(n). Let o(i) = -i**3 + 5*i**2 - 2*i + 5. Calculate o(f).
-5
Let z(y) = -y**3 - 8*y**2 - 7*y + 8. Let q(v) = -v**3 - 7*v**2 - 8*v - 8. Let s be q(-6). Suppose s*a + 4*j + 40 = 0, -34 - 10 = 5*a + 3*j. Give z(a).
8
Let c(z) = -4*z**3 + 11*z**2 - 4*z + 7. Let i(q) = q**3 + q**2 + q - 1. Let s(a) = c(a) + 3*i(a). What is s(14)?
-10
Let d be 2 + (-432)/(-44) - 2/(-11). Suppose 0 = -9*w + d*w + 9. Let v(l) = l**3 + 5*l**2 + 4*l + 2. What is v(w)?
8
Suppose 0 = q + 2*l - 3, 3*q - 5*q + 5*l - 30 = 0. Let k(a) = -3*a**3 - 4*a**2 + 5*a. Let h(z) = -4*z**3 - 4*z**2 + 6*z. Let i(j) = 2*h(j) - 3*k(j). Give i(q).
-10
Let m(d) = -5*d + 2. Let z = 677 + -683. Give m(z).
32
Let f(r) = -r**2 + 18*r - 27. Let p be f(16). Suppose p*d + 9 = 6*d. Let z(u) = -u**3 + 10*u**2 - 11*u + 11. What is z(d)?
-7
Let l(f) be the second derivative of -f**4/12 + f**3/3 + f**2/2 + 3*f + 20. What is l(4)?
-7
Let z(d) = -20*d**2 - 14*d - 29 + 13*d**2 - 5*d**2 + 11*d**2. Determine z(-11).
4
Let z(u) = -7*u**2 - 2